4957. Give u(111).
18
Let o(l) = -30077*l + 180411. Determine o(6).
-51
Let b(n) = 118*n**3 + 944*n**2 - 199*n - 1591. Calculate b(-8).
1
Let i(q) = 5*q**2 - 7*q + 267. Calculate i(20).
2127
Let t(f) = -33*f**2 + 168*f + 21178. What is t(28)?
10
Let k(p) = 9*p**2 - 2040*p + 6042. Determine k(3).
3
Let k(m) = 29*m**2 + 1050*m - 4687. Determine k(-40).
-287
Let x(r) = -r**3 + 63*r**2 - 210*r - 1542. Determine x(59).
-8
Let g(l) = -l**2 - 18941*l - 7543334. Calculate g(-407).
4
Let q(t) = -2*t**3 - 20973*t**2 + 62939*t - 13. What is q(3)?
-7
Let t(j) = -j**3 - 240*j**2 - 710*j - 260. Give t(-237).
-497
Let u(k) = 433810*k - 1301400. Give u(3).
30
Let k(y) = -3718037*y + 3718042. Calculate k(1).
5
Let i(h) = 13*h**3 + 146*h**2 + 246*h - 140. Determine i(-9).
-5
Let a(b) = b**3 - 46*b**2 - 2198*b - 10574. Calculate a(-25).
1
Let m(j) = -9*j**2 - 112*j + 382. Determine m(-18).
-518
Let v(q) = 5404*q**2 + 118853*q - 769. Give v(-22).
1
Let t(r) = -63264*r - 1328619. Calculate t(-21).
-75
Let q(l) = -77416*l + 464912. What is q(6)?
416
Let z(y) = -y**3 + 73*y**2 + 156*y - 432. Give z(75).
18
Let a(d) = 619151*d + 8048967. Determine a(-13).
4
Let a(j) = -38*j**2 + 1546*j - 8952. Determine a(7).
8
Let f(i) = 40*i**3 - 395*i**2 - 6*i - 434. What is f(10)?
6
Let u(l) = 7*l**2 + 113*l - 4320. Calculate u(18).
-18
Let c(i) = i**3 + 24*i**2 - 696*i - 28. Determine c(-41).
-69
Let a(z) = z**3 + 495*z**2 - 5903*z - 2190. Calculate a(12).
-18
Let q(d) = 329449*d - 329438. Calculate q(1).
11
Let x(z) = 32*z**2 - 282*z + 11. Calculate x(9).
65
Let z(b) = 38*b**3 + 8*b**2 + 32*b - 65. Determine z(2).
335
Let n(a) = -a**3 + 70*a**2 - 3*a + 447. Determine n(70).
237
Let g(l) = 1928547*l + 13499835. Calculate g(-7).
6
Let x(i) = 270*i + 3827. Determine x(-15).
-223
Let z(j) = j**3 + 770*j**2 + 712*j + 548154. Give z(-770).
-86
Let d(y) = -3*y**3 - 458*y**2 - 1175*y + 3780. What is d(-150)?
30
Let v(p) = 689*p**2 - 22696*p - 1331. What is v(33)?
22
Let j(l) = l**3 - 206*l**2 - 437*l + 4389. Determine j(208).
21
Let b(n) = 10*n**3 + 659*n**2 - 70*n + 29. Give b(-66).
293
Let q(w) = -w**2 + 85*w - 776. Determine q(28).
820
Let g(z) = -1086*z - 121696. Give g(-112).
-64
Let q(m) = -m**3 + 313*m**2 + 1281*m - 3878. Calculate q(317).
243
Let o(q) = 55*q - 159. What is o(5)?
116
Let u(i) = 85933*i**2 + 343871*i - 3. What is u(-4)?
-559
Let t(w) = -156*w - 3792. Determine t(-36).
1824
Let f(l) = 49635*l - 1737200. Calculate f(35).
25
Let q(i) = -i**2 + 1931*i - 370430. What is q(216)?
10
Let f(j) = -1214*j + 239150. What is f(197)?
-8
Let y(h) = 199*h - 1106. Give y(6).
88
Let u(q) = -q**2 + 18967*q + 5291558. Determine u(-275).
8
Let u(i) = -i**2 - 592*i + 11345. What is u(19)?
-264
Let p(h) = -6*h**2 - 13336*h - 66612. Determine p(-5).
-82
Let m(q) = 29047*q - 27893. Calculate m(1).
1154
Let f(a) = -726*a - 101035. Give f(-139).
-121
Let v(n) = -20*n**2 + 4858*n - 33042. What is v(7)?
-16
Let y(l) = -3*l**3 - 24*l**2 + 604*l + 4826. Calculate y(-8).
-6
Let a(i) = 11*i**2 + 6773*i + 33845. Determine a(-5).
255
Let l(t) = 79881*t + 5911190. Calculate l(-74).
-4
Let y(w) = -16*w**3 + w**2 + 178*w + 349. What is y(-2)?
125
Let k(l) = -8085*l + 64765. Give k(8).
85
Let p(x) = x**2 - 576*x + 54397. Calculate p(119).
14
Let d(z) = -z**3 + 181*z**2 + 404*z + 27211. Determine d(184).
-21
Let x(h) = 71989*h + 1079840. Give x(-15).
5
Let u(y) = -2*y**2 - 434*y - 9219. Give u(-24).
45
Let k(v) = 4*v**2 - 5948*v + 82500. Determine k(14).
12
Let p(a) = 11295*a - 5715255. What is p(506)?
15
Let p(n) = 111338*n - 2337976. Give p(21).
122
Let g(r) = -15*r**2 + 10420*r + 303522. Determine g(-28).
2
Let h(v) = v**2 - 32*v + 201. Give h(33).
234
Let d(g) = 251757*g - 1258773. Determine d(5).
12
Let q(g) = -19752*g - 572830. What is q(-29)?
-22
Let f(h) = -63*h - 27790. What is f(-441)?
-7
Let n(j) = 46*j**2 - 11542*j - 58873. Calculate n(-5).
-13
Let f(i) = 2*i**3 + 37*i**2 + 36*i + 73. What is f(-15)?
1108
Let l(w) = 1618*w - 297728. Give l(184).
-16
Let v(p) = 51077*p - 817398. What is v(16)?
-166
Let u(b) = -18238*b - 25460245. What is u(-1396)?
3
Let a(u) = -6918*u + 76071. What is a(11)?
-27
Let b(a) = a**3 - 25*a**2 - 1492*a + 37255. Determine b(25).
-45
Let b(t) = 2*t**3 + 146*t**2 - 1063*t + 144. What is b(7)?
543
Let d(h) = 2132*h + 70171. What is d(-33)?
-185
Let z(h) = -3091*h - 228318. Calculate z(-73).
-2675
Let a(d) = 318*d**3 + 4770*d**2 + 95*d + 1450. Determine a(-15).
25
Let o(f) = 2699*f - 3134. Determine o(1).
-435
Let x(f) = -3*f**3 + 231*f**2 - 872*f - 12. Calculate x(4).
4
Let n(u) = -u**3 - 147*u**2 - 1008*u - 42305. Calculate n(-142).
11
Let u(f) = -21*f**2 + 3279*f + 2474. Give u(157).
-352
Let f(v) = -5*v**3 + v**2 - 302*v - 918. Calculate f(0).
-918
Let w(a) = -26*a**2 - 9509*a + 12198. Calculate w(-367).
87
Let m(s) = 90454*s - 4884514. Give m(54).
2
Let d(z) = -4*z**3 - 41*z**2 + 248*z + 1976. Determine d(-12).
8
Let p(z) = 2230*z - 78028. Calculate p(35).
22
Let t(p) = 6*p**3 - 68*p**2 - 110*p - 30. Determine t(12).
-774
Let v(q) = 3930*q - 106117. Determine v(27).
-7
Let l(b) = -22*b**3 - 130*b**2 + 18*b + 19. Determine l(-6).
-17
Let y(r) = -249*r**2 - 56*r + 74. Calculate y(1).
-231
Let k(z) = -z**2 - 4796*z + 419965. What is k(86)?
113
Let t(q) = -2454*q**3 - 7*q**2 - 8*q - 5. What is t(-1)?
2450
Let z(o) = o**3 + 1096*o**2 - 4587*o + 762. Calculate z(4).
14
Let d(h) = 131*h - 1207. What is d(22)?
1675
Let p(b) = -51748*b + 672701. Give p(13).
-23
Let a(m) = -1785*m + 91080. Give a(51).
45
Let k(j) = -j**3 - 16*j**2 - 91*j - 2590. Determine k(-18).
-304
Let j(w) = 9*w + 107. Give j(-67).
-496
Let q(w) = -32*w**3 + 637*w**2 + 64*w - 63. What is q(20)?
17
Let t(s) = 9*s**2 + 1268*s + 1258. Give t(-1).
-1
Let s(x) = 12*x**2 + 765*x + 609. Determine s(-63).
42
Let z(b) = -146*b**3 - 23*b**2 - 40*b - 19. Give z(-1).
144
Let p(l) = -4*l**3 + 120*l**2 - 69*l + 135. Determine p(30).
-1935
Let p(v) = 2*v**3 + 142*v**2 + 20*v - 8259. What is p(-70)?
141
Let b(n) = 3*n**3 + 8*n**2 + 47*n - 259. What is b(4)?
249
Let y(a) = -a**3 + 42*a**2 - 289*a - 198. Calculate y(32).
794
Let l(m) = 6*m**2 - 271*m + 1615. Determine l(37).
-198
Let l(z) = 98*z**2 + 1010*z + 1814. Determine l(-8).
6
Let a(r) = -25374*r - 532742. Give a(-21).
112
Let w(p) = 3*p**3 - 4*p**2 - 38*p - 387. Calculate w(-8).
-1875
Let d(z) = -z**3 + 60*z**2 + 405*z - 469. Calculate d(-7).
-21
Let u(o) = -6*o**2 + 287*o + 8984. Give u(69).
221
Let l(b) = 68807*b + 2270575. Calculate l(-33).
-56
Let u(n) = -1986*n - 1330513. Give u(-670).
107
Let b(v) = -40*v**2 + 404*v + 219. Determine b(7).
1087
Let d(k) = 2*k**2 - 756*k + 12320. What is d(17)?
46
Let j(u) = 3091*u + 21597. Give j(-7).
-40
Let j(d) = -840*d + 26910. Calculate j(32).
30
Let c(g) = -43*g**3 + 6*g**2 - g - 230. Determine c(0).
-230
Let g(y) = -y**3 - 489*y**2 - 59076*y + 473. Calculate g(-218).
37
Let y(i) = -i**3 + 14*i**2 - 551*i - 1751. What is y(-3)?
55
Let f(z) = -55*z - 206. Determine f(-4).
14
Let z(w) = -22*w**2 - 4365*w - 6092. What is z(-197)?
15
Let m(c) = -c**2 - 1676*c - 38009. Calculate m(-23).
10
Let d(v) = 954*v**2 - 101*v + 1. Give d(1).
854
Let q(v) = v**3 + 20*v**2 - 58*v - 194. What is q(-22)?
114
Let h(c) = -204*c + 1872. What is h(9)?
36
Let d(j) = 42969*j + 300787. Determine d(-7).
4
Let o(z) = -z**3 + 20*z**2 + 78*z + 60. What is o(-6)?
528
Let t(y) = -y**2 + 17295*y - 190141. Give t(11).
-17
Let i(a) = -2*a**2 + 1358*a + 131581. Determine i(-86).
1
Let q(o) = 161*o**2 + 41374*o - 767. Calculate q(-257).
4
Let q(f) = -50*f**2 - 5095*f + 520. What is q(-102)?
10
Let r(t) = -t**2 - 206*t + 373798. Calculate r(-723).
7
Let w(v) = -1583*v + 933799. Calculate w(590).
-171
Let s(o) = 19*o**2 - 121*o - 411. What is s(-3)?
123
Let j(g) = g**2 - 244*g + 7323. Give j(211).
360
Let x(y) = -933*y + 1735. Calculate x(2).
-131
Let y(q) = -154*q**3 - q**2 + 22*q + 35. Give y(-2).
1219
Let q(v) = 19703*v + 39442. What is q(-2)?
36
Let d(f) = 841*f - 822. Give d(1).
19
Let k(a) = 32*a**2 - 322*a + 458. Give k(8).
-70
Let m(u) = 2*u**2 - 4121*u + 1596991. What is m(1543)?
-14
Let o(u) = 93*u + 675. Determine o(2).
861
Let d(i) = i**3 + 22*i**2 + 14729*i + 263825. What is d(-18)?
-1
Let z(g) = 41*g**3 - 233*g**2 + 140*g + 1. Calculate 